?
9
Suppose -1 = -4*i + 11. Suppose -4*v + 5*o + 42 = 0, i*v - 14 = 3*o + 16. What is the units digit of v?
8
Let c(j) = -2*j + 12. Let u be c(6). Let v = 6 - u. What is the units digit of v?
6
Let l(x) = 5*x**3 - 2*x**2 + 3*x. What is the tens digit of l(2)?
3
Let r be (54/5)/(3/20). Suppose 3*v - r = -3*h + 6*v, -15 = 5*v. Let o = h - 13. What is the units digit of o?
8
Let a(j) = j + 6. Let f be a(-5). What is the units digit of 9 - 2 - (0 - f)?
8
Suppose -2*d - 2*i + 1 = -7, 4*d + 3*i = 20. What is the units digit of d?
8
Let l(z) = -z**3 - 5*z**2 + 6*z + 5. Let f be l(-6). Suppose -3*m = 1 - 13, f*d = 4*m + 129. What is the tens digit of d/3 + 2/6?
1
Let i be 13/1 + 0 + -3. Suppose -31 = 4*u - 5*q, 5*u + i = 2*q - 16. Let t = u + 11. What is the units digit of t?
7
Let t(x) = x**2 - 1. Let s be t(4). Suppose -3*h - s = -3*k, -2*h + 20 = 2*k + h. What is the units digit of k?
7
Let u be (24/5)/(36/1320). Suppose u = m + 3*m. What is the units digit of m?
4
Let v(s) = s**3 - 17*s**2 + 18*s + 28. What is the units digit of v(16)?
0
Suppose 0 = -2*s - 0*s + 88. Suppose s = -0*z + 2*z. Suppose j - z = -j. What is the units digit of j?
1
Suppose 4*o - 643 = 3*l, 0 = 4*o - 2*l + 3*l - 623. What is the units digit of o?
7
Let o be 1*4/(4/5). Suppose 0 = 3*j + 3*s - 45, 0*j - 3*s - 91 = -o*j. What is the tens digit of j?
1
Let l = 3 + -3. Suppose p - 8 + l = 0. What is the units digit of p?
8
Suppose 35 = 6*c - 1. Suppose 0*y + 246 = c*y. What is the units digit of y?
1
What is the tens digit of ((-12)/(-5))/(11/220)?
4
Let q(d) = -8*d + 3. Let x(u) = -1. Let m(l) = q(l) + 2*x(l). Let n be m(-1). Suppose 4*k = n*k - 35. What is the units digit of k?
7
Let l(x) = x**3 + 16*x**2 - 18*x - 7. Suppose s + 34 = -s. What is the units digit of l(s)?
0
Suppose -5*t - 5*y + 5 = 0, 0*t - 5*y - 10 = 2*t. Let u = 3 + t. What is the units digit of u?
8
Let x be ((-4)/12)/(1/(-24)). Let o(c) = c**3 - c**2 - 1. Let m(i) = -7*i**2 - i + 6. Let b(v) = -m(v) - o(v). What is the units digit of b(x)?
3
Suppose -4*m - 40 = -0*m. Let o be 154/m + 2/5. Let b = 25 + o. What is the units digit of b?
0
Let o = -6 - -43. Suppose -5*v + 5*h = -28 - o, 0 = h + 4. What is the units digit of v?
9
Suppose 4*g - 11 + 3 = 0. What is the units digit of g?
2
Suppose -13*q - 128 = -14*q. What is the hundreds digit of q?
1
Let y(d) = -d + 8. Suppose -28 = 5*h + 2. What is the units digit of y(h)?
4
Let p be (-21)/(-6)*(-36)/(-21). Let o = -3 + p. What is the units digit of o?
3
Suppose 3*u - 5 = 2*u. Suppose 5 = x - u. Let h = 23 - x. What is the tens digit of h?
1
Let d(b) = -4*b**3 + 5*b + 1. What is the tens digit of d(-2)?
2
Let m = 15 - 10. Let j = m + -4. What is the units digit of j?
1
Let j be 2/(-1)*(-9)/6. Suppose -4*l + 238 = j*l. What is the tens digit of l?
3
Let q = 22 + 55. What is the tens digit of q?
7
Let t(q) = q**3 + 10*q**2 + 7*q - 8. Let j be t(-6). Suppose -26 + j = 4*y. What is the tens digit of y?
1
What is the tens digit of 6/15 + (-256)/(-10)?
2
Suppose 5*p + 54 + 77 = -4*g, -4*g - 3*p = 133. Let f = -17 - g. What is the tens digit of f?
1
Suppose -3*z = -0*c + 4*c + 1, 2*z = 4*c + 26. Suppose -z*u - 8 = -u. What is the tens digit of (-3)/(-6)*u*-14?
1
Suppose -4*t + 2*t - 4 = -4*u, -5*u + 8 = -3*t. Let q = 11 + t. What is the units digit of q?
5
Let z(x) = 3*x**2 + 6*x. Let a(u) = -7*u**2 - 13*u + 1. Let m(r) = -4*a(r) - 9*z(r). Let d be m(4). Suppose -2*p + 8 = d. What is the units digit of p?
2
Let r(a) = a - 2. Let f be 8/(-6)*(-3)/2. Let i be r(f). Suppose 5*s = -i*s + 30. What is the units digit of s?
6
Let b be ((-2)/4)/(5/30). Let v(a) = a**2 - 2. What is the units digit of v(b)?
7
Suppose -2*w + 5 - 1 = 0. Let d(b) = 2*b**3 - 3*b**2 - b + 2. Let x be d(w). Suppose 5 = -j + x*n, -4*j + 16 + 2 = 3*n. What is the units digit of j?
3
Let k = 12 + -3. What is the units digit of k?
9
Let l(m) = m**2 + 3*m - 6. Let p(n) = n - 11. Let y be p(7). Let w be 2/y*-1*-12. What is the tens digit of l(w)?
1
Suppose -20 = -5*d, -3*p - 2*p + 710 = -5*d. What is the tens digit of p?
4
Let l(o) = -9*o - 1. What is the tens digit of l(-8)?
7
Let u(v) = -v + 13. What is the tens digit of u(-9)?
2
Let d(h) = 13*h + 1. What is the units digit of d(2)?
7
Let s(r) = 21*r**2 - 1. Suppose 3*p = 4*y - 1 - 12, 13 = 5*p + 2*y. Let u be s(p). Suppose 14 = -2*g + 5*g - 2*h, 5*h + u = 0. What is the units digit of g?
2
Suppose 0 = -4*j + 18 + 2. Suppose -2*h = -j*h. Suppose h = 4*l - 7 - 9. What is the units digit of l?
4
Suppose 160 = -5*m - 0*m. Let j = 45 + m. What is the units digit of j?
3
Suppose -j = 0, -3*j = 3*y + 2*j - 18. Let a = y + -3. Suppose -h = a*u - 6*h - 61, 4 = -2*h. What is the tens digit of u?
1
What is the units digit of (0 + -1)/((-7)/161)?
3
Suppose 2*j = j - 2*k + 17, -3*j + 63 = 3*k. What is the units digit of j?
5
Suppose -l = -0 + 5, 5*l = 3*p - 79. Suppose -2*g = -p - 8. What is the units digit of g?
3
Suppose -74 = -4*q - 38. What is the units digit of q?
9
Suppose n - 12 + 2 = 0. Suppose -5*i - 4*c = -21, n = i + c - 6*c. What is the units digit of i?
5
Suppose -4*o + 6*o = 8. Suppose 2*d = -o*l + 20, l - 2*l = -4. What is the units digit of 7 + 0/(4 - d)?
7
Let s = -11 - -12. What is the units digit of s?
1
Let j be 9/(3 + 18/(-8)). Let l = 7 + j. Let f = l - 10. What is the units digit of f?
9
Suppose 4*j + 28 = 2*t, -t - 2*j + 14 = 2*j. Suppose 2*h = 2*u - t, u = 2*u - 3*h - 9. What is the units digit of u?
6
Let o = 108 - -30. What is the units digit of o?
8
Let h = 94 + -37. What is the units digit of h?
7
Let x = 10 + 28. Let s = 69 - x. What is the units digit of s?
1
Let p = -7 + 35. Let x = p - 19. What is the units digit of x?
9
Suppose 2*m = -1 + 23. Let q = -8 + m. What is the units digit of q?
3
Suppose 0 = -3*y + 6, 0 = 5*f - f - y - 10. Suppose -w - f*w - 12 = -4*o, 48 = 4*o + 5*w. Let c(b) = b - 5. What is the units digit of c(o)?
2
Let d(c) = -c + 15. Let v(z) = -z**3 + 3*z**2 - z + 3. Let u be v(3). What is the tens digit of d(u)?
1
Let v be (-105)/(-28) - 2/(-8). Suppose v*o = -8, b - 2*o = o + 22. What is the tens digit of b?
1
Let z(b) = 14*b**2 - b + 1. What is the units digit of z(-2)?
9
Suppose -w = 5 - 3, -8 = r + 5*w. Let q(n) = -94*n - 1. Let f be q(-1). What is the units digit of r/8 - f/(-12)?
8
Let m(a) = 18*a - 2. What is the tens digit of m(2)?
3
Let l be (-93)/(-9) + (-1)/3. Let j = -20 - -12. Let d = j + l. What is the units digit of d?
2
Let h(m) = m - 3. Let s = -8 + 13. What is the units digit of h(s)?
2
Let l = 46 + -1. What is the tens digit of l?
4
Suppose 0 = -3*a + 182 + 46. What is the tens digit of a?
7
Suppose 5*x - 20 = 0, -7*b + 283 = -2*b - 3*x. What is the units digit of b?
9
Suppose 4*b = 124 - 44. What is the units digit of b?
0
Let v(i) be the second derivative of i**3/2 + 2*i**2 + 7*i. What is the tens digit of v(5)?
1
What is the units digit of (104/24)/13 - 755/(-3)?
2
Let r = 134 + -78. What is the tens digit of r?
5
Suppose 4 = 2*w - 4*a - 18, 4*w = -3*a + 33. Suppose 4*z - 4 = 4. Suppose -5*k + 3*f + 15 = 0, -5*k - z*f + w = -6. What is the units digit of k?
3
Suppose 4*g - 35 = -3*l, 20 - 3 = 3*l - 5*g. What is the units digit of l?
9
Let q(o) = 8*o**2 - 4*o - o**2 - 2*o**2 - 1 - o**3. Let z be q(3). Suppose -3*d + 32 = z. What is the units digit of d?
9
Suppose 0 = -f - 0*f + 30. What is the units digit of f?
0
Suppose -4*x - 54 + 158 = 4*t, 5*x - 114 = 3*t. Let u be (-40)/x - (-2)/(-6). What is the units digit of (5/u - -3)*6?
3
Suppose -2*f = -5*o + 25, 36 = -0*o + 3*o + 3*f. Let u = 19 - o. Suppose -3*l - 5*g + 23 = 0, -l - u = -3*l - 4*g. What is the units digit of l?
6
Suppose -29 = -3*b - 2*b + 3*n, 4*b - 22 = 2*n. Suppose 0*z - b*z = -12. Suppose -10 = -l - 0*y - y, z*l - 5*y = -10. What is the units digit of l?
5
Let i(x) = x**3 - 7*x + 1. Let b be i(-3). What is the tens digit of (-156)/(-5) + 1/b?
3
Suppose 4*r = 1 + 7. Suppose 5*o - r*o - 2*s - 4 = 0, -5*s = 5*o - 40. Suppose -2*h + k = h - 38, -2*h - o*k = -30. What is the units digit of h?
3
Let k(u) = -u**3 - 7*u**2 - 5*u + 3. Let o be k(-6). Let p = o + 12. What is the units digit of p?
9
Suppose 188 = -5*h + 568. What is the units digit of h?
6
Let y be 8/(-10)*5/(-1). Suppose -c + 25 = -y. Suppose -n + 5*s = -c, -s + 3 = 